{"id":1552,"date":"2019-12-27T13:13:53","date_gmt":"2019-12-27T12:13:53","guid":{"rendered":"http:\/\/iksteunaurora.nl\/?page_id=1552"},"modified":"2025-11-28T17:15:21","modified_gmt":"2025-11-28T16:15:21","slug":"dweilband","status":"publish","type":"page","link":"https:\/\/muziekvereniging-aurora.nl\/?page_id=1552","title":{"rendered":"Dweilband &#8216;DAD Barst los&#8217;"},"content":{"rendered":"<div class=\"wp-block-image\">\n<figure class=\"alignright size-large is-resized\"><img loading=\"lazy\" decoding=\"async\" width=\"800\" height=\"452\" src=\"https:\/\/muziekvereniging-aurora.nl\/wp-content\/uploads\/2025\/11\/DAD-logo-800x452.jpeg\" alt=\"\" class=\"wp-image-4620\" style=\"width:179px;height:auto\" srcset=\"https:\/\/muziekvereniging-aurora.nl\/wp-content\/uploads\/2025\/11\/DAD-logo-800x452.jpeg 800w, https:\/\/muziekvereniging-aurora.nl\/wp-content\/uploads\/2025\/11\/DAD-logo-300x170.jpeg 300w, https:\/\/muziekvereniging-aurora.nl\/wp-content\/uploads\/2025\/11\/DAD-logo-768x434.jpeg 768w, https:\/\/muziekvereniging-aurora.nl\/wp-content\/uploads\/2025\/11\/DAD-logo-1536x868.jpeg 1536w, https:\/\/muziekvereniging-aurora.nl\/wp-content\/uploads\/2025\/11\/DAD-logo-2048x1158.jpeg 2048w\" sizes=\"auto, (max-width: 800px) 100vw, 800px\" \/><\/figure>\n<\/div>\n\n\n<p>&#x1f3ba;<strong>&nbsp;DAD Barst Los \u2013 de gezelligste dweilband van Driebergen!<\/strong>&nbsp;&#x1f389;<\/p>\n\n\n\n<p>Maak kennis met DAD Barst Los, de spetterende dweilband van Muziekvereniging Aurora uit Driebergen! Met zo\u2019n 20 vrolijke muzikanten die vari\u00ebren van beginnend tot ervaren weten we \u00e9\u00e9n ding zeker: feesten kunnen we als de beste. Of het nou carnaval is, een dorpsfeest, een jubileum of gewoon een feestje omdat het kan \u2014 zodra wij losbarsten, gaat het dak eraf!<\/p>\n\n\n\n<p>Onze muziek is net zo feestelijk als wijzelf: van swingende dixieland tot dampende rock \u2019n roll, van vrolijke Nederlandstalige hits tot knallende carnavalskrakers. Stil blijven staan is simpelweg geen optie.<\/p>\n\n\n\n<p> <strong>&#x1f3b6; Speel mee!<\/strong><\/p>\n\n\n\n<p>Ben je 18 jaar of ouder en hou je wel van een feestje met een muzikale twist? Kom dan op vrijdagavond van 20.15 tot 22.00 uur naar onze repetitie in muziekcentrum Aurora. Neem je instrument mee of kom gewoon even sfeer proeven. Wie weet sta jij binnenkort ook tussen ons te blazen of te drummen! Stuur een berichtje naar&nbsp;<a href=\"mailto:DAD@muziekvereniging-aurora.nl\" target=\"_blank\" rel=\"noreferrer noopener\">DAD@muziekvereniging-aurora.nl<\/a>&nbsp;en we regelen de rest.<\/p>\n\n\n\n<figure class=\"wp-block-image size-large\"><img loading=\"lazy\" decoding=\"async\" width=\"800\" height=\"766\" src=\"https:\/\/muziekvereniging-aurora.nl\/wp-content\/uploads\/2025\/11\/DAD-website-2-800x766.jpg\" alt=\"\" class=\"wp-image-4619\" srcset=\"https:\/\/muziekvereniging-aurora.nl\/wp-content\/uploads\/2025\/11\/DAD-website-2-800x766.jpg 800w, https:\/\/muziekvereniging-aurora.nl\/wp-content\/uploads\/2025\/11\/DAD-website-2-300x287.jpg 300w, https:\/\/muziekvereniging-aurora.nl\/wp-content\/uploads\/2025\/11\/DAD-website-2-768x736.jpg 768w, https:\/\/muziekvereniging-aurora.nl\/wp-content\/uploads\/2025\/11\/DAD-website-2.jpg 971w\" sizes=\"auto, (max-width: 800px) 100vw, 800px\" \/><figcaption class=\"wp-element-caption\"><em>DAD Barst Los! op Koningsdag in Driebergen<\/em><\/figcaption><\/figure>\n\n\n\n<p><strong>&#x1f973; Boek ons voor jouw feest!<\/strong><\/p>\n\n\n\n<p>Organiseer je iets leuks en wil je zeker weten dat het onvergetelijk wordt? Boek DAD Barst Los! Wij zorgen voor muziek, sfeer en een flinke dosis feest. Mail ons op&nbsp;<a href=\"mailto:DAD@muziekvereniging-aurora.nl\" target=\"_blank\" rel=\"noreferrer noopener\">DAD@muziekvereniging-aurora.nl<\/a>&nbsp;en wij maken er samen een feestje van.<\/p>\n\n\n\n<figure class=\"wp-block-image size-large\"><img loading=\"lazy\" decoding=\"async\" width=\"800\" height=\"600\" src=\"https:\/\/muziekvereniging-aurora.nl\/wp-content\/uploads\/2025\/11\/DAD-website-1-800x600.jpg\" alt=\"\" class=\"wp-image-4618\" srcset=\"https:\/\/muziekvereniging-aurora.nl\/wp-content\/uploads\/2025\/11\/DAD-website-1-800x600.jpg 800w, https:\/\/muziekvereniging-aurora.nl\/wp-content\/uploads\/2025\/11\/DAD-website-1-300x225.jpg 300w, https:\/\/muziekvereniging-aurora.nl\/wp-content\/uploads\/2025\/11\/DAD-website-1-768x576.jpg 768w, https:\/\/muziekvereniging-aurora.nl\/wp-content\/uploads\/2025\/11\/DAD-website-1-1536x1152.jpg 1536w, https:\/\/muziekvereniging-aurora.nl\/wp-content\/uploads\/2025\/11\/DAD-website-1.jpg 1600w\" sizes=\"auto, (max-width: 800px) 100vw, 800px\" \/><figcaption class=\"wp-element-caption\"><em>Op festival de Bemmelse Dweildag<\/em><br><em> <\/em><\/figcaption><\/figure>\n","protected":false},"excerpt":{"rendered":"<p>&#x1f3ba;&nbsp;DAD Barst Los \u2013 de gezelligste dweilband van Driebergen!&nbsp;&#x1f389; Maak kennis met DAD Barst Los, de spetterende dweilband van Muziekvereniging Aurora uit Driebergen! Met zo\u2019n 20 vrolijke muzikanten die vari\u00ebren van beginnend tot ervaren weten we \u00e9\u00e9n ding zeker: feesten kunnen we als de beste. Of het nou carnaval is, een dorpsfeest, een jubileum of &#8230; <a title=\"Dweilband &#8216;DAD Barst los&#8217;\" class=\"read-more\" href=\"https:\/\/muziekvereniging-aurora.nl\/?page_id=1552\" aria-label=\"Lees meer over Dweilband &#8216;DAD Barst los&#8217;\">Lees verder<\/a><\/p>\n","protected":false},"author":1,"featured_media":0,"parent":0,"menu_order":0,"comment_status":"closed","ping_status":"closed","template":"","meta":{"footnotes":""},"class_list":["post-1552","page","type-page","status-publish"],"_links":{"self":[{"href":"https:\/\/muziekvereniging-aurora.nl\/index.php?rest_route=\/wp\/v2\/pages\/1552","targetHints":{"allow":["GET"]}}],"collection":[{"href":"https:\/\/muziekvereniging-aurora.nl\/index.php?rest_route=\/wp\/v2\/pages"}],"about":[{"href":"https:\/\/muziekvereniging-aurora.nl\/index.php?rest_route=\/wp\/v2\/types\/page"}],"author":[{"embeddable":true,"href":"https:\/\/muziekvereniging-aurora.nl\/index.php?rest_route=\/wp\/v2\/users\/1"}],"replies":[{"embeddable":true,"href":"https:\/\/muziekvereniging-aurora.nl\/index.php?rest_route=%2Fwp%2Fv2%2Fcomments&post=1552"}],"version-history":[{"count":9,"href":"https:\/\/muziekvereniging-aurora.nl\/index.php?rest_route=\/wp\/v2\/pages\/1552\/revisions"}],"predecessor-version":[{"id":4622,"href":"https:\/\/muziekvereniging-aurora.nl\/index.php?rest_route=\/wp\/v2\/pages\/1552\/revisions\/4622"}],"wp:attachment":[{"href":"https:\/\/muziekvereniging-aurora.nl\/index.php?rest_route=%2Fwp%2Fv2%2Fmedia&parent=1552"}],"curies":[{"name":"wp","href":"https:\/\/api.w.org\/{rel}","templated":true}]}}