{"id":3052,"date":"2023-02-23T11:23:18","date_gmt":"2023-02-23T10:23:18","guid":{"rendered":"https:\/\/muziekvereniging-aurora.nl\/?page_id=3052"},"modified":"2025-09-18T10:39:41","modified_gmt":"2025-09-18T09:39:41","slug":"muziekles-op-saxofoon","status":"publish","type":"page","link":"https:\/\/muziekvereniging-aurora.nl\/?page_id=3052","title":{"rendered":"Muziekles op saxofoon"},"content":{"rendered":"\n<p>De saxofoonlessen van Mathilde zijn voorlopig overgenomen door Jos\u00e9 Tadeo Rey Garc\u00eda<\/p>\n\n\n\n<p>Dus wil je saxofoon leren spelen, mail hem dan op <a href=\"mailto:josetadeorey14@gmail.com\">josetadeorey14@gmail.com<\/a><\/p>\n\n\n\n<figure class=\"wp-block-image size-large is-resized\"><img loading=\"lazy\" decoding=\"async\" width=\"800\" height=\"800\" src=\"https:\/\/muziekvereniging-aurora.nl\/wp-content\/uploads\/2025\/09\/Foto-Jose-Tadeo-Rey-Garcia-800x800.jpeg\" alt=\"\" class=\"wp-image-4162\" style=\"width:361px;height:auto\" srcset=\"https:\/\/muziekvereniging-aurora.nl\/wp-content\/uploads\/2025\/09\/Foto-Jose-Tadeo-Rey-Garcia-800x800.jpeg 800w, https:\/\/muziekvereniging-aurora.nl\/wp-content\/uploads\/2025\/09\/Foto-Jose-Tadeo-Rey-Garcia-300x300.jpeg 300w, https:\/\/muziekvereniging-aurora.nl\/wp-content\/uploads\/2025\/09\/Foto-Jose-Tadeo-Rey-Garcia-150x150.jpeg 150w, https:\/\/muziekvereniging-aurora.nl\/wp-content\/uploads\/2025\/09\/Foto-Jose-Tadeo-Rey-Garcia-768x769.jpeg 768w, https:\/\/muziekvereniging-aurora.nl\/wp-content\/uploads\/2025\/09\/Foto-Jose-Tadeo-Rey-Garcia.jpeg 859w\" sizes=\"auto, (max-width: 800px) 100vw, 800px\" \/><\/figure>\n\n\n\n<p><\/p>\n\n\n\n<p>Jos\u00e9 is professioneel saxofonist en speelt onder meer in een saxofoonkwartet. Hij geeft graag les, omdat hij zo zijn grootste passie kan overbrengen.   <\/p>\n\n\n\n<p> ***************************************************************************************************<\/p>\n\n\n\n<p>Als je kiest voor de saxofoon krijg je les van Mathilde van der Meij. <\/p>\n\n\n\n<p>Mathilde studeert klassiek saxofoon aan het conservatorium van Utrecht, met jazzsaxofoon als bijvak. Na haar bachelor aan University College Utrecht, besloot zij toch een muzikaal pad te bewandelen. Afgelopen jaar deed zij een uitwisseling aan HfM Hanns Eisler Berlin en dit jaar studeert zij af.&nbsp;<\/p>\n\n\n\n<p>In haar muziek zoekt Mathilde graag de grenzen van verschillende genres op, om die vervolgens te verleggen en te vervagen. Zo speelt zij in straatsymfonieorkest het <a href=\"https:\/\/www.ricciotti.nl\/\">Ricciotti Ensemble<\/a> en zette zij met 8 anderen de band <a href=\"https:\/\/www.facebook.com\/parra.dice.collective\/\">PARRA.DICE<\/a> op.&nbsp;<\/p>\n\n\n\n<p>Als actief musicus (solist, kamermusicus, orkestspeler en bandlid) neemt Mathilde haar dagelijkse muzikale ervaringen mee naar de lessen. Plezier staat centraal en docent en leerling zoeken samen wat voor muziek en wat voor lesvorm bij de leerling past. Of het nou een klassiek solostuk is, of jazzy improvisatie, beide komen aan bod, want ze vullen elkaar ook erg goed aan. Mathilde geeft les aan zowel beginners als gevorderden.<\/p>\n\n\n\n<div class=\"wp-block-columns is-layout-flex wp-container-core-columns-is-layout-9d6595d7 wp-block-columns-is-layout-flex\">\n<div class=\"wp-block-column is-layout-flow wp-block-column-is-layout-flow\" style=\"flex-basis:66.66%\">\n<p>Mathilde (geboren in 1997) begon haar eigen muzikale ontwikkeling ook bij Aurora, waar ze het plezier voor samenspel zeker ook heeft opgedaan. Met een beginners-, jeugd- en harmonieorkest, kan er op de individuele lessen voortgeborduurd worden.&nbsp;<\/p>\n\n\n\n<p><\/p>\n\n\n\n<p><\/p>\n\n\n\n<p>Voor contact: stuur een mail naar <a href=\"mailto:mathildevdmeij@hotmail.com\">mathildevdmeij@hotmail.com<\/a><\/p>\n\n\n\n<p><\/p>\n\n\n\n<p><\/p>\n\n\n\n<p><\/p>\n\n\n\n<p><\/p>\n\n\n\n<p><\/p>\n<\/div>\n\n\n\n<div class=\"wp-block-column is-layout-flow wp-block-column-is-layout-flow\" style=\"flex-basis:33.33%\">\n<figure class=\"wp-block-image size-large\"><img loading=\"lazy\" decoding=\"async\" width=\"569\" height=\"800\" src=\"https:\/\/muziekvereniging-aurora.nl\/wp-content\/uploads\/2023\/02\/mathilde2-569x800.jpg\" alt=\"\" class=\"wp-image-3098\" srcset=\"https:\/\/muziekvereniging-aurora.nl\/wp-content\/uploads\/2023\/02\/mathilde2-569x800.jpg 569w, https:\/\/muziekvereniging-aurora.nl\/wp-content\/uploads\/2023\/02\/mathilde2-214x300.jpg 214w, https:\/\/muziekvereniging-aurora.nl\/wp-content\/uploads\/2023\/02\/mathilde2-768x1079.jpg 768w, https:\/\/muziekvereniging-aurora.nl\/wp-content\/uploads\/2023\/02\/mathilde2-1093x1536.jpg 1093w, https:\/\/muziekvereniging-aurora.nl\/wp-content\/uploads\/2023\/02\/mathilde2-1458x2048.jpg 1458w, https:\/\/muziekvereniging-aurora.nl\/wp-content\/uploads\/2023\/02\/mathilde2.jpg 1625w\" sizes=\"auto, (max-width: 569px) 100vw, 569px\" \/><\/figure>\n<\/div>\n<\/div>\n\n\n\n<p><\/p>\n","protected":false},"excerpt":{"rendered":"<p>De saxofoonlessen van Mathilde zijn voorlopig overgenomen door Jos\u00e9 Tadeo Rey Garc\u00eda Dus wil je saxofoon leren spelen, mail hem dan op josetadeorey14@gmail.com Jos\u00e9 is professioneel saxofonist en speelt onder meer in een saxofoonkwartet. Hij geeft graag les, omdat hij zo zijn grootste passie kan overbrengen. *************************************************************************************************** Als je kiest voor de saxofoon krijg je &#8230; <a title=\"Muziekles op saxofoon\" class=\"read-more\" href=\"https:\/\/muziekvereniging-aurora.nl\/?page_id=3052\" aria-label=\"Lees meer over Muziekles op saxofoon\">Lees verder<\/a><\/p>\n","protected":false},"author":4,"featured_media":0,"parent":0,"menu_order":0,"comment_status":"closed","ping_status":"closed","template":"","meta":{"footnotes":""},"class_list":["post-3052","page","type-page","status-publish"],"_links":{"self":[{"href":"https:\/\/muziekvereniging-aurora.nl\/index.php?rest_route=\/wp\/v2\/pages\/3052","targetHints":{"allow":["GET"]}}],"collection":[{"href":"https:\/\/muziekvereniging-aurora.nl\/index.php?rest_route=\/wp\/v2\/pages"}],"about":[{"href":"https:\/\/muziekvereniging-aurora.nl\/index.php?rest_route=\/wp\/v2\/types\/page"}],"author":[{"embeddable":true,"href":"https:\/\/muziekvereniging-aurora.nl\/index.php?rest_route=\/wp\/v2\/users\/4"}],"replies":[{"embeddable":true,"href":"https:\/\/muziekvereniging-aurora.nl\/index.php?rest_route=%2Fwp%2Fv2%2Fcomments&post=3052"}],"version-history":[{"count":8,"href":"https:\/\/muziekvereniging-aurora.nl\/index.php?rest_route=\/wp\/v2\/pages\/3052\/revisions"}],"predecessor-version":[{"id":4165,"href":"https:\/\/muziekvereniging-aurora.nl\/index.php?rest_route=\/wp\/v2\/pages\/3052\/revisions\/4165"}],"wp:attachment":[{"href":"https:\/\/muziekvereniging-aurora.nl\/index.php?rest_route=%2Fwp%2Fv2%2Fmedia&parent=3052"}],"curies":[{"name":"wp","href":"https:\/\/api.w.org\/{rel}","templated":true}]}}

<p>De saxofoonlessen van Mathilde zijn voorlopig overgenomen door José Tadeo Rey García</p>



<p>Dus wil je saxofoon leren spelen, mail hem dan op <a href="mailto:josetadeorey14@gmail.com">josetadeorey14@gmail.com</a></p>



<figure class="wp-block-image size-large is-resized"><img loading="lazy" decoding="async" width="800" height="800" src="https://muziekvereniging-aurora.nl/wp-content/uploads/2025/09/Foto-Jose-Tadeo-Rey-Garcia-800x800.jpeg" alt="" class="wp-image-4162" style="width:361px;height:auto" srcset="https://muziekvereniging-aurora.nl/wp-content/uploads/2025/09/Foto-Jose-Tadeo-Rey-Garcia-800x800.jpeg 800w, https://muziekvereniging-aurora.nl/wp-content/uploads/2025/09/Foto-Jose-Tadeo-Rey-Garcia-300x300.jpeg 300w, https://muziekvereniging-aurora.nl/wp-content/uploads/2025/09/Foto-Jose-Tadeo-Rey-Garcia-150x150.jpeg 150w, https://muziekvereniging-aurora.nl/wp-content/uploads/2025/09/Foto-Jose-Tadeo-Rey-Garcia-768x769.jpeg 768w, https://muziekvereniging-aurora.nl/wp-content/uploads/2025/09/Foto-Jose-Tadeo-Rey-Garcia.jpeg 859w" sizes="auto, (max-width: 800px) 100vw, 800px" /></figure>



<p></p>



<p>José is professioneel saxofonist en speelt onder meer in een saxofoonkwartet. Hij geeft graag les, omdat hij zo zijn grootste passie kan overbrengen.   </p>



<p> ***************************************************************************************************</p>



<p>Als je kiest voor de saxofoon krijg je les van Mathilde van der Meij. </p>



<p>Mathilde studeert klassiek saxofoon aan het conservatorium van Utrecht, met jazzsaxofoon als bijvak. Na haar bachelor aan University College Utrecht, besloot zij toch een muzikaal pad te bewandelen. Afgelopen jaar deed zij een uitwisseling aan HfM Hanns Eisler Berlin en dit jaar studeert zij af.&nbsp;</p>



<p>In haar muziek zoekt Mathilde graag de grenzen van verschillende genres op, om die vervolgens te verleggen en te vervagen. Zo speelt zij in straatsymfonieorkest het <a href="https://www.ricciotti.nl/">Ricciotti Ensemble</a> en zette zij met 8 anderen de band <a href="https://www.facebook.com/parra.dice.collective/">PARRA.DICE</a> op.&nbsp;</p>



<p>Als actief musicus (solist, kamermusicus, orkestspeler en bandlid) neemt Mathilde haar dagelijkse muzikale ervaringen mee naar de lessen. Plezier staat centraal en docent en leerling zoeken samen wat voor muziek en wat voor lesvorm bij de leerling past. Of het nou een klassiek solostuk is, of jazzy improvisatie, beide komen aan bod, want ze vullen elkaar ook erg goed aan. Mathilde geeft les aan zowel beginners als gevorderden.</p>



<div class="wp-block-columns is-layout-flex wp-container-core-columns-is-layout-9d6595d7 wp-block-columns-is-layout-flex">
<div class="wp-block-column is-layout-flow wp-block-column-is-layout-flow" style="flex-basis:66.66%">
<p>Mathilde (geboren in 1997) begon haar eigen muzikale ontwikkeling ook bij Aurora, waar ze het plezier voor samenspel zeker ook heeft opgedaan. Met een beginners-, jeugd- en harmonieorkest, kan er op de individuele lessen voortgeborduurd worden.&nbsp;</p>



<p></p>



<p></p>



<p>Voor contact: stuur een mail naar <a href="mailto:mathildevdmeij@hotmail.com">mathildevdmeij@hotmail.com</a></p>



<p></p>



<p></p>



<p></p>



<p></p>



<p></p>
</div>



<div class="wp-block-column is-layout-flow wp-block-column-is-layout-flow" style="flex-basis:33.33%">
<figure class="wp-block-image size-large"><img loading="lazy" decoding="async" width="569" height="800" src="https://muziekvereniging-aurora.nl/wp-content/uploads/2023/02/mathilde2-569x800.jpg" alt="" class="wp-image-3098" srcset="https://muziekvereniging-aurora.nl/wp-content/uploads/2023/02/mathilde2-569x800.jpg 569w, https://muziekvereniging-aurora.nl/wp-content/uploads/2023/02/mathilde2-214x300.jpg 214w, https://muziekvereniging-aurora.nl/wp-content/uploads/2023/02/mathilde2-768x1079.jpg 768w, https://muziekvereniging-aurora.nl/wp-content/uploads/2023/02/mathilde2-1093x1536.jpg 1093w, https://muziekvereniging-aurora.nl/wp-content/uploads/2023/02/mathilde2-1458x2048.jpg 1458w, https://muziekvereniging-aurora.nl/wp-content/uploads/2023/02/mathilde2.jpg 1625w" sizes="auto, (max-width: 569px) 100vw, 569px" /></figure>
</div>
</div>



<p></p>

<p>De saxofoonlessen van Mathilde zijn voorlopig overgenomen door José Tadeo Rey García Dus wil je saxofoon leren spelen, mail hem dan op josetadeorey14@gmail.com José is professioneel saxofonist en speelt onder meer in een saxofoonkwartet. Hij geeft graag les, omdat hij zo zijn grootste passie kan overbrengen. *************************************************************************************************** Als je kiest voor de saxofoon krijg je &#8230; <a title="Muziekles op saxofoon" class="read-more" href="https://muziekvereniging-aurora.nl/?page_id=3052" aria-label="Lees meer over Muziekles op saxofoon">Lees verder</a></p>
